6)?
-13
Let d(j) = -5*j**3 - 13*j - 35. Give d(-2).
31
Let z(y) = -4*y**2 + 22*y - 54. Calculate z(9).
-180
Let k(a) = a**3 + 7*a**2 - 26*a - 63. Calculate k(-9).
9
Let c(u) = -56*u - 925. Determine c(-17).
27
Let a(k) = -569*k + 3652. Give a(7).
-331
Let n(i) = -954*i - 8595. Give n(-9).
-9
Let x(t) = -21*t - 1096. Calculate x(-53).
17
Let m(d) = 146*d - 236. What is m(2)?
56
Let j(m) = m**3 + 9*m**2 + 21*m + 13. Calculate j(-4).
9
Let p(v) = 3*v**3 + 4*v + 7. Give p(-2).
-25
Let n(c) = c**3 - 5*c**2 - 5*c. What is n(9)?
279
Let c(f) = 4*f**2 - 18*f - 234. Give c(11).
52
Let o(p) = -4*p**3 + 2*p**2 + p - 5. What is o(3)?
-92
Let s(r) = -52*r + 1907. Calculate s(38).
-69
Let u(o) = o**3 - 14*o**2 + 49*o - 10. What is u(6)?
-4
Let s(u) = -11*u + 320. Calculate s(18).
122
Let h(v) = v**3 + 40*v**2 + 44*v + 125. Determine h(-39).
-70
Let t(c) = -c**2 - 2129*c + 14921. Give t(7).
-31
Let z(j) = -17517*j - 17520. Give z(-1).
-3
Let m(u) = -4*u**2 - 24*u + 22. Give m(-7).
-6
Let l(s) = 153*s + 1339. Calculate l(-9).
-38
Let h(s) = s**2 + 12*s - 39. What is h(4)?
25
Let i(y) = y**3 - 43*y**2 + 349*y + 49. Give i(11).
16
Let u(r) = -399*r - 4795. Determine u(-12).
-7
Let z(b) = -b**2 + 67*b - 623. Determine z(11).
-7
Let l(z) = -316*z + 102386. Give l(324).
2
Let k(v) = v**3 - 15*v**2 - 2*v - 73. Determine k(16).
151
Let g(z) = 115*z**2 - 674*z - 94. Give g(6).
2
Let y(z) = -610*z - 127. Determine y(1).
-737
Let s(m) = -31*m**2 + 4*m + 5. Give s(-1).
-30
Let j(i) = 2*i**2 + 15*i + 29. Calculate j(-6).
11
Let r(a) = -24*a - 2223. Calculate r(-92).
-15
Let z(o) = -5*o**2 - 60*o + 13. Calculate z(-12).
13
Let m(p) = 12*p**2 - 2*p + 2. Calculate m(1).
12
Let z(i) = -263*i - 668. Determine z(-2).
-142
Let h(q) = 34*q**2 + 318*q - 220. Determine h(-10).
0
Let d(i) = -36*i**2 + 321*i + 349. Give d(-1).
-8
Let c(n) = -2*n**3 - 29*n**2 - 7*n + 26. Determine c(-14).
-72
Let q(a) = -2*a**3 - 31*a**2 - 25*a + 231. Calculate q(-14).
-7
Let c(m) = -2*m**3 - 27*m**2 - 8*m - 70. What is c(-13)?
-135
Let w(q) = q**3 + 70*q**2 - 458*q - 139. Give w(-76).
13
Let h(i) = i**2 + 264*i - 1878. Determine h(7).
19
Let l(k) = 20*k - 13. Determine l(6).
107
Let i(z) = 192*z**3 - 3*z + 2. Determine i(1).
191
Let w(j) = -63*j + 57. Calculate w(6).
-321
Let d(r) = -3*r - 115. Calculate d(9).
-142
Let v(a) = 2*a**2 - 77*a + 576. Determine v(34).
270
Let k(b) = -b**3 - 9*b**2 + 46*b + 102. What is k(-12)?
-18
Let d(s) = 74*s + 461. Give d(-1).
387
Let y(s) = -9*s**2 - 59*s + 7. Calculate y(-6).
37
Let t(k) = -16*k + 240. Calculate t(13).
32
Let o(w) = 24*w**2 + 165*w - 184. What is o(-8)?
32
Let z(m) = -2*m**3 - 13*m**2 + 34*m - 18. Give z(-9).
81
Let b(q) = 859*q - 4330. Calculate b(5).
-35
Let n(w) = -122*w - 2720. Calculate n(-22).
-36
Let k(u) = -111*u - 122. Calculate k(-2).
100
Let r(o) = -o**2 - 157*o - 2505. What is r(-18)?
-3
Let y(d) = d**3 - 50*d**2 - 159*d - 9. Give y(53).
-9
Let x(s) = 2*s**3 + 10*s**2 - 16*s - 20. What is x(-5)?
60
Let b(k) = -k**3 - k**2 + 8*k - 5. Give b(3).
-17
Let g(x) = 57*x + 2045. Give g(-36).
-7
Let n(u) = -25*u - 7. Determine n(-27).
668
Let s(c) = 110*c + 587. Determine s(-5).
37
Let z(b) = -b**3 - 12*b**2 - 2*b - 182. Determine z(-13).
13
Let b(k) = k**2 + 42*k - 295. What is b(6)?
-7
Let p(c) = 3*c**3 - 26*c**2 - 8*c - 12. Determine p(9).
-3
Let q(g) = -9*g**3 + 245*g**2 - 53*g + 4. What is q(27)?
31
Let w(h) = -1086*h + 114029. Determine w(105).
-1
Let r(g) = 2*g**3 - 5*g**2 - 2*g + 19. Give r(0).
19
Let y(l) = -10*l**2 + 8*l - 19. Determine y(-6).
-427
Let q(v) = 3*v**2 + 45*v - 13. Give q(-18).
149
Let q(f) = f**3 + 11*f**2 - 7*f + 66. Determine q(-12).
6
Let h(u) = u**3 + 95*u**2 - 391*u + 490. What is h(-99)?
-5
Let z(q) = -q**3 - 13*q**2 + 39*q + 553. What is z(-12)?
-59
Let o(j) = 3*j**3 + 12*j**2 - 34*j - 13. Give o(4).
235
Let y(n) = -n**3 - 63*n**2 - 3*n - 176. Give y(-63).
13
Let r(h) = -7*h**2 + h - 21. Give r(3).
-81
Let x(a) = 44*a**2 + 330*a + 3. Give x(-8).
179
Let l(y) = -30*y - 23. Give l(-16).
457
Let s(m) = -3*m**3 + 17*m**2 - 347*m + 2134. Give s(6).
16
Let b(a) = 2*a**2 - 72*a - 1086. Give b(47).
-52
Let u(x) = 3*x**2 + 2*x - 64. Determine u(4).
-8
Let s(u) = -46*u + 41. Calculate s(0).
41
Let c(t) = 5*t**3 + 80*t**2 - 4*t - 52. Determine c(-16).
12
Let d(l) = 44*l**2 - 154*l + 145. Calculate d(1).
35
Let s(i) = 34*i - 1325. Calculate s(28).
-373
Let t(d) = -29*d + 699. Determine t(22).
61
Let y(j) = 13*j - 678. What is y(52)?
-2
Let x(j) = 9*j + 99. Calculate x(-16).
-45
Let v(o) = -377*o + 3377. Calculate v(9).
-16
Let k(z) = z**3 + 34*z**2 + 56*z - 250. Calculate k(-32).
6
Let n(k) = -k**2 + 3*k - 60. Determine n(6).
-78
Let f(r) = 7201*r - 14403. Determine f(2).
-1
Let w(u) = -u**3 + 45*u**2 + 90*u + 240. Calculate w(47).
52
Let s(f) = -136*f - 2567. Calculate s(-19).
17
Let k(l) = -199*l**2 + 73*l + 75. Determine k(-1).
-197
Let z(x) = 110*x + 455. Calculate z(-4).
15
Let s(y) = -4*y**2 + 48*y - 75. What is s(10)?
5
Let x(c) = c**3 + 150*c**2 + 3226*c + 44. Determine x(-26).
-8
Let b(k) = -7*k**2 + 192*k - 33. What is b(26)?
227
Let v(l) = l**2 - 14*l - 264. What is v(25)?
11
Let h(m) = -12*m + 140. Determine h(-3).
176
Let s(n) = -750*n - 1500. Calculate s(-2).
0
Let s(v) = -v**2 + 148*v - 3357. Determine s(28).
3
Let y(l) = l**2 - 20*l - 5523. Determine y(-65).
2
Let m(y) = y**2 - 435*y + 6320. Give m(15).
20
Let w(n) = -22*n - 129. Give w(-5).
-19
Let c(s) = s**3 + 15*s**2 + 65*s + 159. Give c(-10).
9
Let f(l) = -l**3 + 19*l**2 + 17*l - 616. Calculate f(18).
14
Let b(g) = -3*g**2 + 83*g + 19. What is b(27)?
73
Let q(n) = 12*n**2 - 56*n - 14. Determine q(7).
182
Let s(p) = 11*p**3 - 441*p**2 + 41*p - 55. What is s(40)?
-15
Let w(x) = -x**3 - 23*x**2 - 9*x - 165. Calculate w(-23).
42
Let w(b) = -97*b + 61. Give w(0).
61
Let q(n) = -5*n**3 - 41*n**2 + 11*n - 215. Calculate q(-9).
10
Let h(p) = -p**2 + 31*p - 81. Give h(3).
3
Let m(d) = 26301*d - 552326. What is m(21)?
-5
Let b(f) = 105*f + 699. Calculate b(-6).
69
Let c(l) = l**3 + 16*l**2 + 10*l + 106. What is c(-16)?
-54
Let p(u) = 93*u + 20746. What is p(-223)?
7
Let w(k) = -k**3 + 88*k**2 + 461*k - 22. Determine w(-5).
-2
Let r(p) = p**3 + 5*p**2 + 34*p + 255. Determine r(-7).
-81
Let r(h) = -116*h + 575. What is r(5)?
-5
Let n(y) = 3*y**2 + 6*y - 1074. What is n(18)?
6
Let f(i) = 3*i**3 + 116*i**2 - 158*i + 118. Give f(-40).
38
Let p(z) = 2*z**3 + 9*z**2 - 8*z - 4. Determine p(-5).
11
Let x(j) = -266*j + 240. Calculate x(0).
240
Let k(x) = 31*x**2 - 9*x + 5. What is k(2)?
111
Let f(g) = -g**2 - 3*g + 11. Calculate f(4).
-17
Let g(w) = -368*w**3 + w**2 + 22*w - 23. Determine g(1).
-368
Let k(t) = t**3 - 5*t**2 - 41*t + 121. Give k(6).
-89
Let q(l) = -402*l + 11654. Calculate q(29).
-4
Let l(n) = -3*n**2 + 147*n - 21. Give l(49).
-21
Let r(t) = -t**3 + 50*t**2 - 68*t - 65. Determine r(49).
-996
Let b(v) = v**3 + 351*v**2 - 5474*v + 5849. Give b(-366).
-7
Let f(q) = -22*q - 20. What is f(10)?
-240
Let p(k) = -7*k**2 - 35*k - 18. What is p(-3)?
24
Let s(c) = -c**3 + c**2 - 19*c + 73. Determine s(0).
73
Let a(u) = u**2 + 35*u - 33. What is a(1)?
3
Let f(v) = v**2 + 1026*v + 65140. Give f(-68).
-4
Let p(z) = -z - 41. Give p(-7).
-34
Let h(x) = -233*x - 31669. Give h(-136).
19
Let k(a) = -a**3 - 9*a**2 - 5*a - 10. Calculate k(-9).
35
Let h(m) = m**3 - 34*m**2 - m + 31. Determine h(34).
-3
Let x(r) = -22*r - 1973. What is x(-90)?
7
Let s(w) = 8*w**2 + 218*w - 39. Give s(-27).
-93
Let v(d) = d**3 - 2*d + 132. What is v(0)?
132
Let j(i) = i - 57. What is j(50)?
-7
Let y(q) = -9*q - 202. Give y(-17).
-49
Let f(c) = -51*c - 1768. Determine f(-34).
-34
Let o(u) = -20*u - 467. Calculate o(-26).
53
Let q(u) = u**3 - 12*u**2 - 12*u + 69. Give q(2).
5
Let d(t) = -3*t**2 - 89*t - 586. Give d(-9).
-28
Let j(k) = -309*k + 2468. Determine j(8).
-4
Let p(l) = l**3 + 2*l**2 - 71*l - 290. Give p(-6).
-8
Let r(c) = -2*c**3 + 8*c**2 + 4*c + 2. What is r(-2)?
42
Let a(n) = 4*n**2 - 20*n + 55. What is a(0)?
55
Let s(f) = -15*f - 96. What is s(-22)?
234
Let x(c) = -7*c + 403. Determine x(43).
102
Let m(y) = 2*y - 47. Calculate m(-1).
-49
Let o(x) = 116*x + 686. Give o(-7).
-126
Let p(r) = -661*r**3 + r**2 - 24*r - 24. Give p(-1).
662
Let g(s) = -4*s**2 + 768*s - 5174. Determine g(7)